f 151290?
2, 3, 5, 41
What are the prime factors of 26554944?
2, 3, 13, 10639
What are the prime factors of 1455309?
3, 101, 1601
What are the prime factors of 5913978?
2, 3, 7, 19, 7411
What are the prime factors of 654040?
2, 5, 83, 197
List the prime factors of 199568.
2, 12473
List the prime factors of 5773072.
2, 360817
What are the prime factors of 5404904?
2, 29, 23297
List the prime factors of 656908.
2, 7, 29, 809
List the prime factors of 11930153.
523, 22811
List the prime factors of 65218.
2, 32609
What are the prime factors of 430593?
3, 17, 8443
List the prime factors of 45695.
5, 13, 19, 37
List the prime factors of 6308934.
2, 3, 31, 107, 317
What are the prime factors of 105572?
2, 26393
List the prime factors of 2349878.
2, 131, 8969
What are the prime factors of 107456?
2, 23, 73
What are the prime factors of 1512285?
3, 5, 41, 2459
What are the prime factors of 26773095?
3, 5, 1784873
What are the prime factors of 112009?
101, 1109
What are the prime factors of 342393?
3, 61, 1871
List the prime factors of 6022838.
2, 43, 59, 1187
List the prime factors of 598440.
2, 3, 5, 4987
What are the prime factors of 12607?
7, 1801
What are the prime factors of 624141?
3, 7, 9907
List the prime factors of 53244.
2, 3, 17, 29
List the prime factors of 6147602.
2, 19, 161779
What are the prime factors of 1455628?
2, 19, 107, 179
List the prime factors of 22498453.
22498453
List the prime factors of 1551838.
2, 775919
What are the prime factors of 44727917?
13, 3440609
What are the prime factors of 2031225?
3, 5, 7, 53, 73
List the prime factors of 1806197.
19, 95063
List the prime factors of 78681.
3, 26227
List the prime factors of 665032.
2, 97, 857
List the prime factors of 278200.
2, 5, 13, 107
List the prime factors of 1950089.
1950089
List the prime factors of 1172016.
2, 3, 2713
List the prime factors of 15731054.
2, 7865527
What are the prime factors of 4049434?
2, 17, 119101
What are the prime factors of 52505?
5, 10501
What are the prime factors of 12032931?
3, 4010977
List the prime factors of 633486.
2, 3, 7, 15083
What are the prime factors of 279088?
2, 17443
List the prime factors of 48381.
3, 16127
List the prime factors of 1269703.
1269703
What are the prime factors of 16500209?
11, 1500019
List the prime factors of 2713369.
2713369
What are the prime factors of 1673122?
2, 11, 59, 1289
List the prime factors of 2078018.
2, 43, 73, 331
What are the prime factors of 217370?
2, 5, 21737
List the prime factors of 3850080.
2, 3, 5, 13, 617
List the prime factors of 3476494.
2, 7, 239, 1039
List the prime factors of 1613959.
1613959
What are the prime factors of 1975807?
43, 45949
List the prime factors of 430026.
2, 3, 71671
List the prime factors of 529535.
5, 105907
List the prime factors of 6945312.
2, 3, 11, 6577
List the prime factors of 233533.
43, 5431
What are the prime factors of 3396123?
3, 377347
List the prime factors of 9188465.
5, 11, 13, 71, 181
What are the prime factors of 1695748?
2, 43, 9859
What are the prime factors of 1137115?
5, 7, 53, 613
What are the prime factors of 992636?
2, 19, 37, 353
What are the prime factors of 451428?
2, 3, 37619
What are the prime factors of 684599?
684599
What are the prime factors of 4840981?
4840981
List the prime factors of 229736.
2, 13, 47
What are the prime factors of 1647566?
2, 19, 191, 227
What are the prime factors of 201254?
2, 47, 2141
List the prime factors of 27381617.
83, 329899
What are the prime factors of 896348?
2, 331, 677
List the prime factors of 636328.
2, 7, 11, 1033
List the prime factors of 3828002.
2, 1914001
What are the prime factors of 833668?
2, 11, 18947
What are the prime factors of 3944485?
5, 788897
List the prime factors of 178487.
178487
List the prime factors of 1256598.
2, 3, 7, 9973
List the prime factors of 581662.
2, 337, 863
What are the prime factors of 8778615?
3, 5, 73, 8017
What are the prime factors of 189238?
2, 7, 1931
What are the prime factors of 1753046?
2, 876523
List the prime factors of 568068.
2, 3, 47339
List the prime factors of 181613.
193, 941
List the prime factors of 206278.
2, 17, 6067
List the prime factors of 2069392.
2, 13, 9949
What are the prime factors of 797880?
2, 3, 5, 61, 109
List the prime factors of 398448.
2, 3, 2767
List the prime factors of 569769.
3, 257, 739
List the prime factors of 111457.
227, 491
What are the prime factors of 152149?
233, 653
List the prime factors of 3815024.
2, 238439
List the prime factors of 7395572.
2, 223, 8291
List the prime factors of 410804.
2, 102701
What are the prime factors of 4860214?
2, 337, 7211
What are the prime factors of 1117292?
2, 11, 67, 379
What are the prime factors of 1065829?
1065829
What are the prime factors of 4834?
2, 2417
What are the prime factors of 93344?
2, 2917
What are the prime factors of 119248?
2, 29, 257
What are the prime factors of 1009282?
2, 173, 2917
List the prime factors of 18555948.
2, 3, 709, 727
What are the prime factors of 11364964?
2, 13, 19, 11503
What are the prime factors of 17710374?
2, 3, 11, 53, 61, 83
What are the prime factors of 3845602?
2, 1201, 1601
What are the prime factors of 2889284?
2, 722321
What are the prime factors of 6692570?
2, 5, 241, 2777
List the prime factors of 11542098.
2, 3, 1923683
What are the prime factors of 1013901?
3, 7, 48281
List the prime factors of 10456329.
3, 13, 23, 11657
What are the prime factors of 7613088?
2, 3, 7, 11329
List the prime factors of 10750918.
2, 5375459
What are the prime factors of 2489300?
2, 5, 11, 31, 73
List the prime factors of 1599622.
2, 761, 1051
What are the prime factors of 5275801?
5275801
What are the prime factors of 206620?
2, 5, 10331
What are the prime factors of 981574?
2, 11, 44617
List the prime factors of 7056496.
2, 17, 25943
What are the prime factors of 382645?
5, 103, 743
List the prime factors of 348908.
2, 7, 17, 733
What are the prime factors of 577501?
271, 2131
List the prime factors of 11929548.
2, 3, 23, 43223
List the prime factors of 260269.
260269
List the prime factors of 186126.
2, 3, 67, 463
What are the prime factors of 2423440?
2, 5, 30293
What are the prime factors of 5054065?
5, 179, 5647
What are the prime factors of 8702952?
2, 3, 107, 3389
List the prime factors of 4539945.
3, 5, 302663
What are the prime factors of 2489676?
2, 3, 7, 107, 277
What are the prime factors of 1146533?
1146533
What are the prime factors of 5812721?
23, 252727
What are the prime factors of 4307825?
5, 172313
List the prime factors of 1331774.
2, 257, 2591
What are the prime factors of 1875435?
3, 5, 125029
What are the prime factors of 11478?
2, 3, 1913
What are the prime factors of 387855?
3, 5, 13, 17
What are the prime factors of 16837174?
2, 17, 495211
What are the prime factors of 2548680?
2, 3, 5, 67, 317
List the prime factors of 719451.
3, 79939
What are the prime factors of 1146239?
877, 1307
List the prime factors of 498661.
17, 29333
What are the prime factors of 541686?
2, 3, 90281
What are the prime factors of 513695?
5, 7, 13, 1129
List the prime factors of 3548217.
3, 1182739
What are the prime factors of 648001?
149, 4349
List the prime factors of 38218.
2, 97, 197
List the prime factors of 6347601.
3, 13, 227, 239
What are the prime factors of 57694?
2, 7, 13, 317
What are the prime factors of 252806?
2, 41, 3083
List the prime factors of 448010.
2, 5, 71, 631
List the prime factors of 2496882.
2, 3, 416147
List the prime factors of 3568111.
617, 5783
What are the prime factors of 105946?
2, 52973
What are the prime factors of 6315866?
2, 19, 166207
What are the prime factors of 5703974?
2, 239, 11933
What are the prime factors of 253317?
3, 17, 4967
What are the prime factors of 1266029?
37, 34217
List the prime factors of 825818.
2, 7, 61, 967
What are the prime factors of 369403?
23, 16061
List the prime factors of 14454506.
2, 11, 659, 997
List the prime factors of 16703391.
3, 29, 37, 5189
What are the prime factors of 320358?
2, 3, 107, 499
What are the prime factors of 70497?
3, 7, 373
List the prime factors of 576617.
576617
List the prime factors of 8434382.
2, 11, 107, 3583
What are the prime factors of 189778?
2, 94889
What are the prime factors of 3157304?
2, 563, 701
List the prime factors of 472875.
3